{"id":30,"date":"2023-09-11T15:12:14","date_gmt":"2023-09-11T15:12:14","guid":{"rendered":"https:\/\/www.abt.dk\/?page_id=30"},"modified":"2023-10-06T13:15:05","modified_gmt":"2023-10-06T13:15:05","slug":"om-projektet","status":"publish","type":"page","link":"https:\/\/www.abt.dk\/?page_id=30","title":{"rendered":"Om Projektet"},"content":{"rendered":"\n<p class=\"has-text-align-center\">Projekt \u201dKarriere- og talentudvikling i Syd\u201d er er netv\u00e6rksprojekt best\u00e5ende af et konsortium af 7 skoler og Studievalg i hele Region Syddanmark:<\/p>\n\n\n\n<p class=\"has-text-align-center\"><em>Det Bl\u00e5 Gymnasium, T\u00f8nder<br>Det Bl\u00e5 Gymnasium, Vestfyn<br>Det Bl\u00e5 Gymnasium S\u00f8nderborg<br>Det Bl\u00e5 Gymnasium i Varde<br>Vejen Business College<br>Ribe Katedralskole, HHX<br>Grindsted Gymnasie- &amp; Erhvervsskole<\/em><\/p>\n\n\n\n<p>Projektet vil via en r\u00e6kke forskellige indsatser styrke HHX\u00b4ernes motivation til at tage en videreg\u00e5ende uddannelse. Allerede eksisterende indsatser ville blive systematiseret og optimeret,&nbsp;men der vil ogs\u00e5 i sammenh\u00e6ng hermed blive s\u00f8s\u00e6t nye initiativer \u2013 det drejer sig bl.a. om EUD-erhvervspraktik, systematisk inddragelse af gamle elever som rollemodeller, og sidst men ikke mindst s\u00f8s\u00e6ttes et akademi for \u201dbusiness talenter i Syd\u201d for udvalgte elever. Disse indsatser skal motivere den brede gruppe af HHX\u00b4ere til tidligere at foretage et bevidst uddannelses- og karrierevalg. Projektet vil underst\u00f8tte den s\u00e6rlige praksisfaglighed, som er HHX-uddannelsens s\u00e6rkende, ligesom det samlede l\u00e6rerkorps p\u00e5 skolerne p\u00e5 forskellig vis aktivt vil blive inddraget i arbejdet med karrierel\u00e6ring dels som rollemodeller, men ogs\u00e5 ved mere systematisk at inddrage dette aspekt i deres undervisningspraksis.<\/p>\n\n\n\n<p>I projektet bliver erhvervslivet, uddannelses- og kulturinstitutionerne &nbsp;involveret for at styrke det praksisn\u00e6re aspekt og \u00f8ge motivationen og bevidstheden omkring uddannelsesvalg hos de deltagende elever.<\/p>\n\n\n\n<p>Projektets prim\u00e6re m\u00e5lgruppe er eleverne p\u00e5 de deltagende skoler og deres undervisere. &nbsp;Omkring 1500 elever bliver inddraget i projektet, ligesom en stor del undervisere. Dertil kommer et stort antal eksterne partnere, for eksempel virksomheder.<\/p>\n\n\n\n<p>Projektet bliver st\u00f8ttet med kr.&nbsp;1.832.445,60 kr.&nbsp;&nbsp;kr fra Region Syddanmarks uddannelsepulje.<\/p>\n\n\n\n<h2 class=\"wp-block-heading\">Leverancer<\/h2>\n\n\n\n<p>I forbindelse med projektet \u201dKarriere- og talentudvikling i syd\u201d bliver der udviklet forskellige leverancer. &nbsp;Leverancerne er delt i vejledning om et bevidst karrierevalg og Akademi for Business talenter samt talentudvikling.<\/p>\n\n\n\n<p>I karrieredelen vil der v\u00e6re et t\u00e6t samarbejde med studievejledere p\u00e5 de forskellige skoler og Studievalg Danmark.<\/p>\n\n\n\n<p>I akademidelen vil der&nbsp;v\u00e6re t\u00e6t sammenarbejde mellem skolerne og erhvervslivet i Region Syd.<\/p>\n\n\n\n<div class=\"wp-block-columns is-layout-flex wp-container-core-columns-is-layout-9d6595d7 wp-block-columns-is-layout-flex\">\n<div class=\"wp-block-column is-layout-flow wp-block-column-is-layout-flow\">\n<h3 class=\"wp-block-heading\"><strong>Karrieredel<\/strong> <\/h3>\n\n\n\n<p>Studievejledere og Studievalg<\/p>\n\n\n\n<p><strong>Vejledningsaktiviteter 3g<\/strong><\/p>\n\n\n\n<ul class=\"wp-block-list\">\n<li>Studievalg: 25 individuelle samtaler med udvalgte elever<\/li>\n\n\n\n<li>Studievalg og studievejledere: informationsarrangement i 3g om studiepraktik<\/li>\n\n\n\n<li>Tilbud om virksomhedspraktik i uge 43<\/li>\n\n\n\n<li>3g elever er rollemodeller for 2g i relation til studiepraktikken.<\/li>\n\n\n\n<li>Umiddelbart f\u00f8r eksamen i 3g: infoarrangement om de videreg\u00e5ende uddannelser og\/eller tilbud&nbsp; om deltagelse i workshoppen \u201dUdlandsstudie\u201d<\/li>\n<\/ul>\n\n\n\n<p><strong>Vejledningsaktiviteter 1g<\/strong><\/p>\n\n\n\n<ul class=\"wp-block-list\">\n<li>Informationsm\u00f8de efter valg af studieretning informationsm\u00f8de \u201dKarrierel\u00e6ring\u201d.&nbsp;<\/li>\n<\/ul>\n\n\n\n<p><strong>Vejledningsaktiviteter 2g<\/strong><\/p>\n\n\n\n<ul class=\"wp-block-list\">\n<li>Vejledningssamtaler og info om karrierekompetencer (virtuel studieinformation)<\/li>\n<\/ul>\n<\/div>\n\n\n\n<div class=\"wp-block-column is-layout-flow wp-block-column-is-layout-flow\">\n<h3 class=\"wp-block-heading\">Akademi-del<\/h3>\n\n\n\n<ol class=\"wp-block-list\">\n<li>Det Bl\u00e5 Gymnasium T\u00f8nder \u201cEcco Camp&#8221;: 14.\/15.12. 2023<\/li>\n\n\n\n<li>Det Bl\u00e5 Gymnasium Varde \u201dForbrugeradf\u00e6rd og gr\u00f8n omstilling\u201d: Primo juni 2024<\/li>\n\n\n\n<li>Vejen BC \u201dGr\u00f8n omstilling\u201d: Primo september 2024<\/li>\n\n\n\n<li>Grindsted Gymnasie- &amp; Erhvervsskole \u201dVi samskaber verden med b\u00f8rn\u201d ( CoC Playful minds): Primo december 2024<\/li>\n\n\n\n<li>BC Syd \u201dB\u00e6redygtighed\u201d (med overnatning): September 2025<\/li>\n\n\n\n<li>Ribe Katedralskole \u201dGr\u00f8n omstilling af sort \u00f8konomi\u201d: November 2025<\/li>\n\n\n\n<li>Vestfyn \u201dP\u00e5 vej mod SOP\u201d (afslutningsmodul med overnatning) : Marts 2026<\/li>\n<\/ol>\n<\/div>\n<\/div>\n","protected":false},"excerpt":{"rendered":"<p>Projekt \u201dKarriere- og talentudvikling i Syd\u201d er er netv\u00e6rksprojekt best\u00e5ende af et konsortium af 7 skoler og Studievalg i hele Region Syddanmark: Det Bl\u00e5 Gymnasium, T\u00f8nderDet Bl\u00e5 Gymnasium, VestfynDet Bl\u00e5 Gymnasium S\u00f8nderborgDet Bl\u00e5 Gymnasium i VardeVejen Business CollegeRibe Katedralskole, HHXGrindsted Gymnasie- &amp; Erhvervsskole Projektet vil via en r\u00e6kke forskellige indsatser styrke HHX\u00b4ernes motivation til at [&hellip;]<\/p>\n","protected":false},"author":1,"featured_media":0,"parent":0,"menu_order":0,"comment_status":"closed","ping_status":"closed","template":"","meta":{"footnotes":""},"class_list":["post-30","page","type-page","status-publish","hentry"],"_links":{"self":[{"href":"https:\/\/www.abt.dk\/index.php?rest_route=\/wp\/v2\/pages\/30","targetHints":{"allow":["GET"]}}],"collection":[{"href":"https:\/\/www.abt.dk\/index.php?rest_route=\/wp\/v2\/pages"}],"about":[{"href":"https:\/\/www.abt.dk\/index.php?rest_route=\/wp\/v2\/types\/page"}],"author":[{"embeddable":true,"href":"https:\/\/www.abt.dk\/index.php?rest_route=\/wp\/v2\/users\/1"}],"replies":[{"embeddable":true,"href":"https:\/\/www.abt.dk\/index.php?rest_route=%2Fwp%2Fv2%2Fcomments&post=30"}],"version-history":[{"count":7,"href":"https:\/\/www.abt.dk\/index.php?rest_route=\/wp\/v2\/pages\/30\/revisions"}],"predecessor-version":[{"id":256,"href":"https:\/\/www.abt.dk\/index.php?rest_route=\/wp\/v2\/pages\/30\/revisions\/256"}],"wp:attachment":[{"href":"https:\/\/www.abt.dk\/index.php?rest_route=%2Fwp%2Fv2%2Fmedia&parent=30"}],"curies":[{"name":"wp","href":"https:\/\/api.w.org\/{rel}","templated":true}]}}