{"id":26,"date":"2023-09-11T15:10:59","date_gmt":"2023-09-11T15:10:59","guid":{"rendered":"https:\/\/www.abt.dk\/?page_id=26"},"modified":"2023-10-06T13:04:00","modified_gmt":"2023-10-06T13:04:00","slug":"akademiet-for-business-talenter","status":"publish","type":"page","link":"https:\/\/www.abt.dk\/?page_id=26","title":{"rendered":"Akademiet for Business Talenter"},"content":{"rendered":"\n<div class=\"wp-block-stackable-columns stk-block-columns stk-block stk-5deb086\" data-block-id=\"5deb086\"><div class=\"stk-row stk-inner-blocks stk-block-content stk-content-align stk-5deb086-column\">\n<div class=\"wp-block-stackable-column stk-block-column stk-column stk-block stk-8346715\" data-v=\"4\" data-block-id=\"8346715\"><div class=\"stk-column-wrapper stk-block-column__content stk-container stk-8346715-container stk--no-background stk--no-padding\"><div class=\"stk-block-content stk-inner-blocks stk-8346715-inner-blocks\">\n<p>Akademiet for Businesstalenter er et nyt talentprogram udviklet til udvalgte elever p\u00e5 de 7 HHX-gymnasier, som er partnerne i regionsprojektet \u201cKarriere og talentudvikling i Syd\u201d. Det henvender sig til dygtige og nysgerrige elever, der \u00f8nsker at udveksle ideer om erhvervsorienterede emner i et ambiti\u00f8st milj\u00f8.<\/p>\n<\/div><\/div><\/div>\n<\/div><\/div>\n\n\n\n<div class=\"wp-block-stackable-columns stk-block-columns stk-block stk-51c9107\" data-block-id=\"51c9107\"><div class=\"stk-row stk-inner-blocks stk-block-content stk-content-align stk-51c9107-column\">\n<div class=\"wp-block-stackable-column stk-block-column stk-column stk-block stk-9396687\" data-v=\"4\" data-block-id=\"9396687\"><div class=\"stk-column-wrapper stk-block-column__content stk-container stk-9396687-container stk--no-background stk--no-padding\"><div class=\"stk-block-content stk-inner-blocks stk-9396687-inner-blocks\">\n<p>Akademi-forl\u00f8bet str\u00e6kker sig over 3 \u00e5r \u2013 fra 1g til 3g og er struktureret i 7 forskellige moduler:<\/p>\n\n\n\n<ol class=\"wp-block-list\">\n<li>Det Bl\u00e5 Gymnasium T\u00f8nder \u201cEcco Camp\u201d: 14.\/15.12. 2023<\/li>\n\n\n\n<li>Det Bl\u00e5 Gymnasium Varde \u201dForbrugeradf\u00e6rd og gr\u00f8n omstilling\u201d: Primo juni 2024<\/li>\n\n\n\n<li>Vejen BC \u201dGr\u00f8n omstilling\u201d: Primo september 2024<\/li>\n\n\n\n<li>Grindsted Gymnasie- &amp; Erhvervsskole \u201cVi samskaber verden med b\u00f8rn\u201d ( CoC Playful minds): Primo december 2024<\/li>\n\n\n\n<li>BC Syd \u201dB\u00e6redygtighed\u201d (med overnatning): September 2025<\/li>\n\n\n\n<li>Ribe Katedralskole \u201dGr\u00f8n omstilling af sort \u00f8konomi\u201d: November 2025<\/li>\n\n\n\n<li>Vestfyn \u201dP\u00e5 vej mod SOP\u201d (afslutningsmodul med overnatning) : Marts 2026<\/li>\n<\/ol>\n<\/div><\/div><\/div>\n<\/div><\/div>\n\n\n\n<div class=\"wp-block-buttons is-content-justification-center is-layout-flex wp-container-core-buttons-is-layout-16018d1d wp-block-buttons-is-layout-flex\">\n<div class=\"wp-block-button\"><a class=\"wp-block-button__link has-background has-text-align-center wp-element-button\" style=\"background-color:#455eb3\">L\u00e6s om modulerne her<\/a><\/div>\n<\/div>\n\n\n\n<p><\/p>\n\n\n\n<p>De enkelte moduler udvikles i t\u00e6t samarbejde med lokale virksomheder, s\u00e5 de studerende kan besk\u00e6ftige sig med relevante emner og cases og dykke dybere ned i erhvervsfaglige problemstillinger, men ogs\u00e5 opdyrke nye faglige interesser.<\/p>\n\n\n\n<p>I forbindelse med akademiet vil der ogs\u00e5 v\u00e6re sociale aktiviteter s\u00e5 de udvalgte elever kan sparre med ligesindede p\u00e5 en afslappet m\u00e5de.<\/p>\n\n\n\n<h2 class=\"wp-block-heading\">Akademiets talenter<\/h2>\n\n\n\n<p>ABTs deltagere bliver valgt i 1g ud fra forskellige aspekter. Det kan v\u00e6re faglig dygtighed, akademiske evner men ogs\u00e5 overskud til at yde en ekstra indsats. De udvalgte elever deltager i akademiets moduler sidel\u00f8bende med deres almindelige undervisning. Det forventes, at man viser en s\u00e6rlig akademisk interesse, deltager regelm\u00e6ssigt i modulerne og er med til at formidle<\/p>\n\n\n\n<p>modulernes indhold videre til andre elever p\u00e5 skolen.<\/p>\n\n\n\n<p>Ved interesse kan elever i f\u00f8rste omgang henvende sig til deres kontaktl\u00e6rer. Man vil derefter evt. blive bedt om at skrive en motiveret ans\u00f8gning. Det er den respektive skole, som indstiller den enkelte elev til et ABT-forl\u00f8b.<\/p>\n","protected":false},"excerpt":{"rendered":"<p>Akademiet for Businesstalenter er et nyt talentprogram udviklet til udvalgte elever p\u00e5 de 7 HHX-gymnasier, som er partnerne i regionsprojektet \u201cKarriere og talentudvikling i Syd\u201d. Det henvender sig til dygtige og nysgerrige elever, der \u00f8nsker at udveksle ideer om erhvervsorienterede emner i et ambiti\u00f8st milj\u00f8. Akademi-forl\u00f8bet str\u00e6kker sig over 3 \u00e5r \u2013 fra 1g til [&hellip;]<\/p>\n","protected":false},"author":1,"featured_media":0,"parent":0,"menu_order":0,"comment_status":"closed","ping_status":"closed","template":"","meta":{"footnotes":""},"class_list":["post-26","page","type-page","status-publish","hentry"],"_links":{"self":[{"href":"https:\/\/www.abt.dk\/index.php?rest_route=\/wp\/v2\/pages\/26","targetHints":{"allow":["GET"]}}],"collection":[{"href":"https:\/\/www.abt.dk\/index.php?rest_route=\/wp\/v2\/pages"}],"about":[{"href":"https:\/\/www.abt.dk\/index.php?rest_route=\/wp\/v2\/types\/page"}],"author":[{"embeddable":true,"href":"https:\/\/www.abt.dk\/index.php?rest_route=\/wp\/v2\/users\/1"}],"replies":[{"embeddable":true,"href":"https:\/\/www.abt.dk\/index.php?rest_route=%2Fwp%2Fv2%2Fcomments&post=26"}],"version-history":[{"count":18,"href":"https:\/\/www.abt.dk\/index.php?rest_route=\/wp\/v2\/pages\/26\/revisions"}],"predecessor-version":[{"id":254,"href":"https:\/\/www.abt.dk\/index.php?rest_route=\/wp\/v2\/pages\/26\/revisions\/254"}],"wp:attachment":[{"href":"https:\/\/www.abt.dk\/index.php?rest_route=%2Fwp%2Fv2%2Fmedia&parent=26"}],"curies":[{"name":"wp","href":"https:\/\/api.w.org\/{rel}","templated":true}]}}